97 - 204 - (0 + 5) - 37
-49
Calculate (-18 - (-8 - -4)) + -122 + -29 + 104.
-61
Evaluate 31 + (-28 - 1) - (-2 - 6 - (-11 + 10)).
9
What is -1 - 1 - (6 - -48) - 0 - (453 - 447)?
-62
What is the value of ((40 - (11 - 22)) + 17 - 20) + 8?
56
Calculate -494 - -435 - (3 + -38).
-24
Evaluate -41 + 1 - (-9 - ((0 - 1) + (19 - 28))).
-41
Evaluate 86 + -26 + -116 - (-1 - 12 - -1).
-44
Calculate -1 + 91 - (-31 - ((-11 - -10) + -42)).
78
Calculate (-14 - -4) + (12 - 0 - (5 - (-18 - -19))).
-2
What is (-3 - (-5 + -3)) + (-29 - -96) + 9?
81
Calculate -6 + 2 + -79 + 17 + (19 - 30).
-77
What is the value of 58 - (40 + (2 - 31))?
47
Calculate (21 - -6 - 22) + -6 + 4 - 73.
-70
51 - 178 - -145 - (-1 + -59)
78
Evaluate -14 - (-30 + 5) - ((-13 - -3) + (-34 - -145)).
-90
Evaluate -21 - -25 - 31 - -4.
-23
What is 4 - (10 - (-11 - -13 - -7)) - 29?
-26
What is the value of (-2 - -7) + -17 + 0 + 1 + (-44 - -47)?
-8
What is the value of 53 + (71 - 15 - 18)?
91
What is 43 - -28 - -3 - 20?
54
What is the value of (-4 - -10) + (-15 - -8 - 1 - -14)?
12
-6 + -1 + 0 + 19 + 0 + 7991 + -8000
3
Calculate 30 + -39 + 13 - -2.
6
What is (-274 - -317) + -3 + 1?
41
Evaluate 154 + -11 + -7 + (-5 - -22).
153
Evaluate (-16 - (-13 + 7)) + 55 + 0 + -19.
26
12 - (55 - 37 - 68)
62
Evaluate 36 - 0 - (-7 - (-23 - (21 + -24))).
23
What is -59 + (122 - (-78 + 131))?
10
-13 + -1 + 14 + 1 + -23 + 29
7
What is 11 - 2 - (-5 + 3) - (-297 - (44 + -307))?
45
Calculate 0 - -2 - -7 - (-182 + 260).
-69
Evaluate 70 + -27 + (-12 - -55) + (0 - -18).
104
Evaluate (18 - 5) + (-3 + 95 - (-1 + 14 - 5)).
97
What is the value of -13 + (-19 + 8 - (14 + (-14 - 17 - 0)))?
-7
What is -12 + 18 + -19 - -12 - 15?
-16
5 - 4 - -3 - (40 - (28 + -20))
-28
What is the value of -3 - (-16 + 0) - (-22 + -60 + 58)?
37
Calculate -2 - ((-5 - 1) + (-314 - -323)) - -72.
67
Calculate 5 + 8 - 5 - (-9 + -6 + 17 + -2).
8
146 + -78 + 86 + -108
46
Calculate 14 + 15 + (-20 - -27).
36
5 + 34 + (-24 - 0) + -20
-5
-13 - (22 + -19 + 40 - 20)
-36
What is (31 + -9 - -10 - (-2 + -12)) + 9?
55
Calculate (-55 + -52 - -94) + (-1 + -2 - -13).
-3
What is 43 - (35 - (5 - -48))?
61
Calculate (-18 + 8 - 48) + 12 + -3 + 1.
-48
Calculate ((-3 - -16) + 0 - 2) + (-134 - (-46 + -42)).
-35
What is (125 + -56 - 83) + (48 - -1) + 0?
35
59 + 87 + -70 + -78
-2
2 - -29 - (-7 + 9 + -150 + 147)
32
Evaluate 4982 + -5018 + 73 + -1.
36
What is the value of 11 - ((37 - 8) + 27)?
-45
-8 + (-44 - -24 - (3 + -9 - -1))
-23
Evaluate 26 + 53 - 162 - -92.
9
Evaluate -74 - (8 + (-23 - (-18 - -23))).
-54
(-2 - -16) + -1016 + 1058
56
Calculate -14 + (42 - -10) + 5 + -1 + 7.
49
Calculate -29 + 22 - (21 - 47 - (-12 + 2)).
9
Evaluate 94 + -22 + 34 + -41 - (3 - 1 - 1).
64
What is the value of 5 + -6 + 1 + 1 + -15 + 20 + -10?
-4
Calculate -20 - (21 - -7 - (58 - 41)).
-31
Evaluate 2 + 2 - (-36 + 44) - -28.
24
(-4 - 1) + -3 + (38 - 67 - -11)
-26
-1 + (18 - 6) + (-12 - (11 - 6))
-6
(2 + (1 - -8) - 27) + 58
42
Calculate (-11015 - -10983) + (82 - 1).
49
Calculate (10 + 2 - (-50 + 28 + 45)) + 76.
65
Evaluate -9 + (-20 - (-4 - 32 - -22)).
-15
Calculate -3 + -2 + -4 - (32 + (10 - 12) + -5).
-34
What is (-13 - (14 - 15)) + 20 + (0 - -34) + 7?
49
What is the value of 0 + -1 + 20 - (191 + -126)?
-46
2 - 6 - -3 - (1 - 2 - (-19 - -27))
8
Evaluate (-18 - (-5 - 8)) + 7 + 55 + -6.
51
Calculate 35 - (6 + (-14 - -15 - -2 - (4 + -2))).
28
-7 + (2 + -9 + 1 - (-88 + 137 + -81))
19
What is -23 + -124 - (-2 + (4 + -7 - 7) + 19)?
-154
Evaluate 30 + (15 - (-25 - -18 - -155)).
-103
What is (4 - 2) + -2 + (-21 - (-23 - -12)) + 48?
38
What is the value of (9 - 14) + 15 + (5 - -24)?
39
What is the value of (-306 - (-491 - -157)) + 14 + 0 + 0?
42
What is 25 + (-31 - -149) + -38 - 7?
98
What is the value of (27 + -64 - (-2 - 1)) + (-2 - 9)?
-45
What is the value of (9 - (37 - 31) - 16) + -8 + 28?
7
Evaluate 31 + (225 - 196) + -11 + 2.
51
What is (1 - 3) + -1 + -1 + (-482 - -385) - 7?
-108
-9 + (-11 - (-14 + 15 + -12)) + 18 + 50
59
What is the value of 10 + 39 + -4 + -16?
29
Calculate 71 - (45 - (55 + -94)).
-13
Calculate -1 + 48 + (-44 + 43 - (-13 - -5)).
54
Calculate -4 - 1 - (18 - (9 + -7)).
-21
What is the value of -15 - (-1 - (0 - -1)) - (-10974 - -10980)?
-19
-9 + (16 - (13 + 1)) - (-9 + -2 - -3)
1
Calculate -24 - (-1 + (-11 - 15 - (-26 - -7))).
-16
What is 1 + (-3 - 1) - (74 - 94 - -53)?
-36
Calculate 35 - (-19 - (-63 - -21)).
12
What is -5 + 10 + (-5 - 11) + 8 + 13?
10
Evaluate 2 + -44 + 48 + (-4 - 64).
-62
What is 33 + (-9 - -15 - 17) - 15 - 1?
6
What is (-47 - (-130 + 39 + 38)) + -1 + -65?
-60
Evaluate 17 - (-13 - -60 - (10 - -4)).
-16
What is the value of -64 - (50 - (111 - 35))?
-38
Evaluate (24 + -21 - -9) + 11 + 30.
53
What is (18 - 6 - 17) + -10 + 0 + (-1 - 5)?
-21
-28 + (34 - -12) + -10
8
-5016 + 5013 - (-10 + (0 - 1)) - -33
41
Calculate (22 - 8 - (-2 - 3 - -60)) + 9.
-32
What is -11 + (-63 - ((12 - 3) + -10 + 5 + -5))?
-73
Calculate -65 + (57 - -42 - 1).
33
Evaluate 41 - (-1 - -2) - (-20 - -18 - -13).
29
Calculate 2 + -19 + (-45 - -32) + 123.
93
Evaluate (22 + -9 + -10 - 62) + 13.
-46
3 + -1 - (19 + 25 + 17 + -41 + 11)
-29
What is the value of (-8 + 1 - (-163 + 151)) + -15 + -16?
-26
What is -595 + 605 + 40 + (-14 - -3 - -6) + 6?
51
(680 - 690) + (2 + -7 - 7)
-22
92 - (160 - -71) - -143
4
Evaluate 62 + (24 - 1 - ((-41 - -18) + 32)).
76
Calculate (8 - (-12 + 13 + -21 - 131)) + (0 - 6).
153
What is the value of (858 + -867 - (-27 - (1 + -1))) + -7?
11
What is 0 + 2 + -3 + 12 - (44 + (18 - 175))?
124
What is the value of -30 + -46 + 21 + -23 + 42?
-36
Calculate (31 - 29 - (1 + (0 - -72))) + -357 + 366.
-62
What is the value of (4 - -5 - 6) + (29 - -2) + -27?
7
What is the value of (8 - (-8 - -11)) + -19 + (-58 - 8)?
-80
What is -9 - (19 - -7) - -54 - 27?
-8
What is 88 - (-21 - -39 - -7)?
63
Evaluate (-1 - -16) + -2 - (-437 + 452) - 54.
-56
Calculate (34 - (-2 - -8 - -28)) + -6.
-6
What is -19 + (58 - 92 - -25)?
-28
Calculate (-7 - 8 - -10 - 3) + (-1 - (-12 + 2)).
1
-6 + 5 + -3 + (12 - (3 - -1)) + -9
-5
What is 75 + -139 + 38 - -40?
14
(-6 - ((-19 - -29) + (17 - 19))) + (-1 - 124)
-139
Evaluate (1 - 14) + (0 - -39 - (-112 + 192 + -84)).
30
What is 73 - (-29 + 37 - -8)?
57
What is (134 - 137 - (-5 - -2 - -33)) + (4 - 0)?
-29
What is 68 + -35 - -11 - 19?
25
Calculate -31 + ((16 - 27) + 23 - 17).
-36
Calculate -1 - 6 - ((-12 - -42) + 2 - 45).
6
-4 + 8 + -1776 + 1898
126
What is the value of -4 + (9 - (-11 + 27)) - (24 - -1)?
-36
Calculate 90 + -95 - (1 + -7 + 11 + 33).
-43
What is 23 + -13 + -10 + 23 + 15?
38
What is 70 - (-102 + (252 - 127))?
47
What is -173 - -256 - (2 - -42)?
39
Evaluate (127 + -23 - 38) + -27.
39
Calculate 4 + ((10 - -13) + -17 - -8).
18
-21 + 16 - -27 - (13 - 17)
26
What is the value of -73 + 95 + 1 + -17 - (0 - 2 - 39)?
47
(13 - 4) + -97 + 27 + 17
-44
Calculate -35 + (-10 - 12) + 36.
-21
Calculate (1 + -20 - (268 + -302)) + 10.
25
What is the value of 4 + (6 + 0 - (19 + -13) - (54 - -5))?
-55
Calculate (-24 - -34) + -7 + (5 - (2 + 3) - -6).
9
Evaluate (-44 - -10) + 33 + (6 - 0) + -91 - 3.
-89
50 - (10 - 0 - (-5 + 32) - -4)
63
13 + (0 + 33 - (-28 + -20 + 54))
40
What is the value of -27 + 2 + 15 + 2 + 63 + 1 + -1?
55
Calculate 6 - 126 - (977 + -1064).
-33
Calculate 1 + 11 + (-2 - (-6 + 38) - 9).
-31
Evaluate 58 - (75 + -151 + 28).
106
(2 - 9) + (48 - (33 + -19)) + -4 + -4
19
What is 74 - (17 + -23 - -3) - (-8 - (-15 - 6))?
64
What is the value of 34 + 3 + (24 + -21 - (33 + -37))?
44
What is 114 + (-103 + 42 - -72)?
125
Calculate 905 - 857 - (94 - 1).
-45
Evaluate -1 + (-1 - 0) + (236 - 249 - (6 + 1)).
-22
Evaluate -77 - (32 - (9 - 27 - -23)).
-104
What is the value of (58 - -2) + 19 + -19 - (24 + -20) - 5?
51
What is the value of 85 - ((-22 - -3) + 65 + -18)?
57
16 + (-46 - (0 + -28)) + -70
-72
What is 5 - (54 - -9 - (27 - 20))?
-51
Calculate 90 + 1 + (-10 - 7 - -80 - 63).
91
What is 41 - 3 - ((2 - 5) + -5 + -7 + 14)?
39
Evaluate (-23 - ((-18 - -27) + -34 + 24)) + -112.
-134
Evaluate (-127 - -11) + 101 - (-1 - -39).
-53
Evaluate 14 + (-61 - -56) + 2 + -7.
4
1 + -3 + 1 + 6 + (2 - 7) + 60
60
18 + -17 - (18 + 1) - (10 - 26)
-2
Evaluate -6 + 5 + -2 - (13 - 6) - 3 - -61.
48
Calculate -19 - ((164 - 177) + 2 + -70 + -2).
64
What is the value of 3 + -3 + -1 + 6 + -3 + -88 + 87?
1
Calculat